{"id":717,"date":"2022-11-28T09:33:37","date_gmt":"2022-11-28T09:33:37","guid":{"rendered":"https:\/\/thehiddendrug.llorenteycuenca.com\/sobre-llyc\/"},"modified":"2022-11-30T07:30:06","modified_gmt":"2022-11-30T07:30:06","slug":"sobre-a-llyc","status":"publish","type":"page","link":"https:\/\/thehiddendrug.llorenteycuenca.com\/pt-br\/sobre-a-llyc\/","title":{"rendered":"Sobre o projeto"},"content":{"rendered":"<p>[et_pb_section fb_built=&#8221;1&#8243; admin_label=&#8221;Secci\u00f3n &#8211; Sobre LLYC&#8221; _builder_version=&#8221;4.19.0&#8243; _module_preset=&#8221;default&#8221; background_color=&#8221;RGBA(255,255,255,0)&#8221; background_enable_image=&#8221;off&#8221; custom_margin=&#8221;30px||||false|false&#8221; custom_css_main_element=&#8221;background-blend-mode: hard-light;&#8221; locked=&#8221;off&#8221; collapsed=&#8221;off&#8221; global_colors_info=&#8221;{}&#8221;][et_pb_row disabled_on=&#8221;off|off|off&#8221; _builder_version=&#8221;4.19.0&#8243; _module_preset=&#8221;default&#8221; background_color=&#8221;RGBA(255,255,255,0)&#8221; width_tablet=&#8221;80%&#8221; width_phone=&#8221;80%&#8221; width_last_edited=&#8221;on|tablet&#8221; module_alignment=&#8221;center&#8221; custom_padding=&#8221;0px|0px|0px|0px|false|false&#8221; custom_css_main_element=&#8221;align-items:center;&#8221; locked=&#8221;off&#8221; global_colors_info=&#8221;{}&#8221;][et_pb_column type=&#8221;4_4&#8243; _builder_version=&#8221;4.19.0&#8243; _module_preset=&#8221;default&#8221; global_colors_info=&#8221;{}&#8221;][et_pb_text admin_label=&#8221;T\u00edtulo&#8221; _builder_version=&#8221;4.19.0&#8243; _module_preset=&#8221;default&#8221; text_font=&#8221;Century Gothic||||||||&#8221; text_font_size=&#8221;50px&#8221; text_line_height=&#8221;21px&#8221; header_font=&#8221;augermono-black|||on|||||&#8221; header_text_align=&#8221;center&#8221; header_font_size=&#8221;38px&#8221; text_orientation=&#8221;center&#8221; width=&#8221;80%&#8221; width_tablet=&#8221;80%&#8221; width_phone=&#8221;80%&#8221; width_last_edited=&#8221;on|desktop&#8221; module_alignment=&#8221;center&#8221; custom_margin=&#8221;||0px||false|false&#8221; custom_padding=&#8221;||50px||false|false&#8221; text_font_size_tablet=&#8221;40px&#8221; text_font_size_phone=&#8221;30px&#8221; text_font_size_last_edited=&#8221;on|phone&#8221; header_text_align_tablet=&#8221;center&#8221; header_text_align_phone=&#8221;center&#8221; header_text_align_last_edited=&#8221;on|desktop&#8221; header_text_color_tablet=&#8221;&#8221; header_text_color_phone=&#8221;&#8221; header_text_color_last_edited=&#8221;on|tablet&#8221; header_font_size_tablet=&#8221;34px&#8221; header_font_size_phone=&#8221;26px&#8221; header_font_size_last_edited=&#8221;on|phone&#8221; custom_css_main_element=&#8221;margin:auto;&#8221; global_colors_info=&#8221;{}&#8221;]<\/p>\n<h1>Sobre a LLYC<\/h1>\n<p>[\/et_pb_text][et_pb_text admin_label=&#8221;Introducci\u00f3n&#8221; _builder_version=&#8221;4.19.0&#8243; _module_preset=&#8221;default&#8221; text_font=&#8221;Century Gothic||||||||&#8221; text_font_size=&#8221;17px&#8221; text_line_height=&#8221;30px&#8221; ul_font=&#8221;Century Gothic||||||||&#8221; ul_text_align=&#8221;justify&#8221; ul_font_size=&#8221;17px&#8221; header_font=&#8221;fontspring-demo-augermono-black|||on|||||&#8221; header_text_align=&#8221;center&#8221; header_text_color=&#8221;#000000&#8243; header_line_height=&#8221;30px&#8221; width=&#8221;70%&#8221; module_alignment=&#8221;center&#8221; custom_margin=&#8221;auto||auto||false|false&#8221; custom_padding=&#8221;||||false|false&#8221; text_font_size_tablet=&#8221;15px&#8221; text_font_size_phone=&#8221;15px&#8221; text_font_size_last_edited=&#8221;on|desktop&#8221; ul_font_size_tablet=&#8221;15px&#8221; ul_font_size_phone=&#8221;15px&#8221; ul_font_size_last_edited=&#8221;on|phone&#8221; custom_css_main_element=&#8221;margin:auto;&#8221; global_colors_info=&#8221;{}&#8221;]A LLYC \u00e9 uma empresa global de consultoria de comunica\u00e7\u00e3o, marketing digital e rela\u00e7\u00f5es p\u00fablicas que ajuda seus clientes a enfrentar desafios estrat\u00e9gicos com solu\u00e7\u00f5es e recomenda\u00e7\u00f5es baseadas em criatividade, tecnologia e experi\u00eancia, buscando reduzir riscos, aproveitar oportunidades e cuidar do impacto \u00e0 reputa\u00e7\u00e3o.<\/p>\n<p>No atual contexto confuso e incerto, a LLYC ajuda seus clientes a alcan\u00e7ar suas metas de neg\u00f3cios no curto prazo e tra\u00e7ar uma rota, com vis\u00e3o de m\u00e9dio e longo prazo, para defender sua licen\u00e7a social de modo a operar e aumentar seu prest\u00edgio. Oferecemos consultoria em comunica\u00e7\u00e3o corporativa, marketing, assuntos p\u00fablicos e deep digital business, abrangendo 18 especialidades interligadas, para responder aos desafios de nossos clientes. <\/p>\n<p>A LLYC (BME:LLYC) est\u00e1 cotada na bolsa de valores alternativa espanhola, a BME Growth. Atualmente, a empresa tem 20 escrit\u00f3rios na Argentina, Brasil (S\u00e3o Paulo e Rio de Janeiro), Col\u00f4mbia, Chile, Equador, Espanha (Madri e Barcelona), Estados Unidos (Miami, Nova York e Washington, DC), M\u00e9xico, Panam\u00e1, Peru, Portugal e Rep\u00fablica Dominicana. A empresa tamb\u00e9m presta seus servi\u00e7os por meio de companhias afiliadas nos demais mercados da Am\u00e9rica Latina. <\/p>\n<p>Somos mais de 1.100 profissionais, com perfis de comunica\u00e7\u00e3o multidisciplinares e mais de 65 engenheiros. Com experi\u00eancia, criatividade, inova\u00e7\u00e3o e tecnologia, ajudamos empresas e institui\u00e7\u00f5es a solucionar com sucesso seus desafios de comunica\u00e7\u00e3o, marketing e influ\u00eancia institucional. <\/p>\n<p>As duas publica\u00e7\u00f5es l\u00edderes do setor classificam a LLYC entre as mais importantes empresas de comunica\u00e7\u00e3o do mundo. A empresa \u00e9 a n\u00famero 36 em receita em todo o mundo, de acordo com o Relat\u00f3rio de Neg\u00f3cios de Ag\u00eancias Globais da PRWeek 2022 e est\u00e1 classificada em 42\u00b0 no Ranking Global de 2022 da PRovoke. A LLYC foi eleita a Melhor Consultoria de Comunica\u00e7\u00e3o na Europa 2022 no PRWeek Global Awards e a Consultora de Comunica\u00e7\u00e3o do Ano na Am\u00e9rica Latina no International Business Awards 2021. <\/p>\n<p>Nosso hist\u00f3rico e a qualidade do trabalho que fazemos para nossos clientes s\u00e3o endossados por mais de 500 pr\u00eamios e reconhecimentos internacionais e nacionais em disputas como: Cannes Lions, Premios Eficacia, Brand Film Festival, SABRE Awards, International Business Awards, IPRA Golden Awards ou Effie Awards, entre outros.[\/et_pb_text][\/et_pb_column][\/et_pb_row][\/et_pb_section][et_pb_section fb_built=&#8221;1&#8243; admin_label=&#8221;Secci\u00f3n &#8211; Sobre m\u00e1s democracia&#8221; _builder_version=&#8221;4.19.0&#8243; _module_preset=&#8221;default&#8221; background_color=&#8221;RGBA(255,255,255,0)&#8221; background_enable_image=&#8221;off&#8221; background_position=&#8221;bottom_center&#8221; locked=&#8221;off&#8221; collapsed=&#8221;off&#8221; global_colors_info=&#8221;{}&#8221;][et_pb_row disabled_on=&#8221;off|off|off&#8221; _builder_version=&#8221;4.19.0&#8243; _module_preset=&#8221;default&#8221; background_color=&#8221;RGBA(255,255,255,0)&#8221; width_tablet=&#8221;80%&#8221; width_phone=&#8221;80%&#8221; width_last_edited=&#8221;on|tablet&#8221; module_alignment=&#8221;center&#8221; custom_padding=&#8221;0px|0px|0px|0px|false|false&#8221; custom_css_main_element=&#8221;align-items:center;&#8221; locked=&#8221;off&#8221; global_colors_info=&#8221;{}&#8221;][et_pb_column type=&#8221;4_4&#8243; _builder_version=&#8221;4.19.0&#8243; _module_preset=&#8221;default&#8221; global_colors_info=&#8221;{}&#8221;][et_pb_text admin_label=&#8221;T\u00edtulo&#8221; _builder_version=&#8221;4.19.0&#8243; _module_preset=&#8221;default&#8221; text_font=&#8221;fontspring-demo-augermono-medium|800||on|||||&#8221; text_font_size=&#8221;30px&#8221; text_line_height=&#8221;30px&#8221; header_font=&#8221;fontspring-demo-augermono-black|||on|||||&#8221; header_text_align=&#8221;left&#8221; header_font_size=&#8221;65px&#8221; header_2_font=&#8221;augermono-black|||on|||||&#8221; header_2_font_size=&#8221;38px&#8221; text_orientation=&#8221;center&#8221; width=&#8221;100%&#8221; custom_margin=&#8221;|0px|60px|0px|false|false&#8221; header_font_size_tablet=&#8221;58px&#8221; header_font_size_phone=&#8221;45px&#8221; header_font_size_last_edited=&#8221;on|desktop&#8221; header_2_font_size_tablet=&#8221;34px&#8221; header_2_font_size_phone=&#8221;26px&#8221; header_2_font_size_last_edited=&#8221;on|phone&#8221; custom_css_main_element=&#8221;h2{||  width:70%;||}&#8221; global_colors_info=&#8221;{}&#8221;]<\/p>\n<h2>SOBRE A M\u00c1S DEMOCRACIA<\/h2>\n<p>[\/et_pb_text][et_pb_text admin_label=&#8221;Introducci\u00f3n&#8221; _builder_version=&#8221;4.19.0&#8243; _module_preset=&#8221;default&#8221; text_font=&#8221;Century Gothic||||||||&#8221; text_font_size=&#8221;17px&#8221; text_line_height=&#8221;30px&#8221; ul_font=&#8221;Century Gothic||||||||&#8221; ul_text_align=&#8221;left&#8221; ul_font_size=&#8221;17px&#8221; header_font=&#8221;fontspring-demo-augermono-black|||on|||||&#8221; header_text_align=&#8221;center&#8221; header_text_color=&#8221;#000000&#8243; header_line_height=&#8221;30px&#8221; width=&#8221;70%&#8221; module_alignment=&#8221;center&#8221; custom_margin=&#8221;||60px||false|false&#8221; custom_padding=&#8221;||||false|false&#8221; text_font_size_tablet=&#8221;15px&#8221; text_font_size_phone=&#8221;15px&#8221; text_font_size_last_edited=&#8221;on|phone&#8221; ul_font_size_tablet=&#8221;15px&#8221; ul_font_size_phone=&#8221;15px&#8221; ul_font_size_last_edited=&#8221;on|phone&#8221; custom_css_main_element=&#8221;margin:auto;&#8221; global_colors_info=&#8221;{}&#8221;]A +Democracia \u00e9 uma organiza\u00e7\u00e3o pol\u00edtica cidad\u00e3, que pretende influenciar institui\u00e7\u00f5es, partidos, meios de comunica\u00e7\u00e3o e opini\u00e3o p\u00fablica trabalhando em rede com outras organiza\u00e7\u00f5es nacionais e internacionais de pluralidade ideol\u00f3gica e diversidade intergeracional, mobilizando cidad\u00e3os e propondo mudan\u00e7as em nossas normas e em nosso comportamento e nossa cultura, para melhorar a qualidade da democracia e aumentar a participa\u00e7\u00e3o pol\u00edtica cidad\u00e3.<\/p>\n<p>Entre as suas principais iniciativas, a +Democracia promoveu e continua promovendo melhorias no funcionamento democr\u00e1tico dos partidos pol\u00edticos, especificamente nos sistemas de sele\u00e7\u00e3o de cargos p\u00fablicos e na defesa dos direitos dos filiados; no funcionamento do sistema eleitoral, para conseguir maior proporcionalidade e proximidade entre o eleitorado e os representantes eleitos; no funcionamento do Parlamento, por meio de maior informa\u00e7\u00e3o e participa\u00e7\u00e3o cidad\u00e3 nas iniciativas legislativas e garantindo maior autonomia dos parlamentares em rela\u00e7\u00e3o aos seus grupos; e no aumento dos n\u00edveis de transpar\u00eancia e responsabiliza\u00e7\u00e3o das institui\u00e7\u00f5es, promovendo medidas de regenera\u00e7\u00e3o democr\u00e1tica e de combate \u00e0 corrup\u00e7\u00e3o. Tamb\u00e9m colaborou com a Editorial Gedisa na elabora\u00e7\u00e3o de uma cole\u00e7\u00e3o de livros onde cada um se aprofunda em um tema atual: corrup\u00e7\u00e3o, participa\u00e7\u00e3o cidad\u00e3 e movimentos sociais, sistema eleitoral, financiamento partid\u00e1rio, entre outros.<\/p>\n<p>Cada uma das iniciativas da +Democracia est\u00e1 baseada nos seus valores fundadores: compromisso, participa\u00e7\u00e3o, transpar\u00eancia, di\u00e1logo, colabora\u00e7\u00e3o e inova\u00e7\u00e3o.[\/et_pb_text][et_pb_image src=&#8221;https:\/\/thehiddendrug.llorenteycuenca.com\/wp-content\/uploads\/2022\/11\/Frame-1.png&#8221; title_text=&#8221;Frame&#8221; force_fullwidth=&#8221;on&#8221; _builder_version=&#8221;4.19.0&#8243; _module_preset=&#8221;default&#8221; custom_margin=&#8221;20px||20px||false|false&#8221; global_colors_info=&#8221;{}&#8221;][\/et_pb_image][\/et_pb_column][\/et_pb_row][\/et_pb_section]<\/p>\n","protected":false},"excerpt":{"rendered":"<p>O estudo tira suas conclus\u00f5es da an\u00e1lise do debate social na Ibero-Am\u00e9rica e nos EUA, nos territ\u00f3rios com maior grau de polariza\u00e7\u00e3o.<\/p>\n","protected":false},"author":1,"featured_media":0,"parent":0,"menu_order":0,"comment_status":"closed","ping_status":"closed","template":"","meta":{"_et_pb_use_builder":"on","_et_pb_old_content":"","_et_gb_content_width":""},"aioseo_notices":[],"_links":{"self":[{"href":"https:\/\/thehiddendrug.llorenteycuenca.com\/pt-br\/wp-json\/wp\/v2\/pages\/717"}],"collection":[{"href":"https:\/\/thehiddendrug.llorenteycuenca.com\/pt-br\/wp-json\/wp\/v2\/pages"}],"about":[{"href":"https:\/\/thehiddendrug.llorenteycuenca.com\/pt-br\/wp-json\/wp\/v2\/types\/page"}],"author":[{"embeddable":true,"href":"https:\/\/thehiddendrug.llorenteycuenca.com\/pt-br\/wp-json\/wp\/v2\/users\/1"}],"replies":[{"embeddable":true,"href":"https:\/\/thehiddendrug.llorenteycuenca.com\/pt-br\/wp-json\/wp\/v2\/comments?post=717"}],"version-history":[{"count":11,"href":"https:\/\/thehiddendrug.llorenteycuenca.com\/pt-br\/wp-json\/wp\/v2\/pages\/717\/revisions"}],"predecessor-version":[{"id":1465,"href":"https:\/\/thehiddendrug.llorenteycuenca.com\/pt-br\/wp-json\/wp\/v2\/pages\/717\/revisions\/1465"}],"wp:attachment":[{"href":"https:\/\/thehiddendrug.llorenteycuenca.com\/pt-br\/wp-json\/wp\/v2\/media?parent=717"}],"curies":[{"name":"wp","href":"https:\/\/api.w.org\/{rel}","templated":true}]}}

<p>[et_pb_section fb_built=&#8221;1&#8243; admin_label=&#8221;Sección &#8211; Sobre LLYC&#8221; _builder_version=&#8221;4.19.0&#8243; _module_preset=&#8221;default&#8221; background_color=&#8221;RGBA(255,255,255,0)&#8221; background_enable_image=&#8221;off&#8221; custom_margin=&#8221;30px||||false|false&#8221; custom_css_main_element=&#8221;background-blend-mode: hard-light;&#8221; locked=&#8221;off&#8221; collapsed=&#8221;off&#8221; global_colors_info=&#8221;{}&#8221;][et_pb_row disabled_on=&#8221;off|off|off&#8221; _builder_version=&#8221;4.19.0&#8243; _module_preset=&#8221;default&#8221; background_color=&#8221;RGBA(255,255,255,0)&#8221; width_tablet=&#8221;80%&#8221; width_phone=&#8221;80%&#8221; width_last_edited=&#8221;on|tablet&#8221; module_alignment=&#8221;center&#8221; custom_padding=&#8221;0px|0px|0px|0px|false|false&#8221; custom_css_main_element=&#8221;align-items:center;&#8221; locked=&#8221;off&#8221; global_colors_info=&#8221;{}&#8221;][et_pb_column type=&#8221;4_4&#8243; _builder_version=&#8221;4.19.0&#8243; _module_preset=&#8221;default&#8221; global_colors_info=&#8221;{}&#8221;][et_pb_text admin_label=&#8221;Título&#8221; _builder_version=&#8221;4.19.0&#8243; _module_preset=&#8221;default&#8221; text_font=&#8221;Century Gothic||||||||&#8221; text_font_size=&#8221;50px&#8221; text_line_height=&#8221;21px&#8221; header_font=&#8221;augermono-black|||on|||||&#8221; header_text_align=&#8221;center&#8221; header_font_size=&#8221;38px&#8221; text_orientation=&#8221;center&#8221; width=&#8221;80%&#8221; width_tablet=&#8221;80%&#8221; width_phone=&#8221;80%&#8221; width_last_edited=&#8221;on|desktop&#8221; module_alignment=&#8221;center&#8221; custom_margin=&#8221;||0px||false|false&#8221; custom_padding=&#8221;||50px||false|false&#8221; text_font_size_tablet=&#8221;40px&#8221; text_font_size_phone=&#8221;30px&#8221; text_font_size_last_edited=&#8221;on|phone&#8221; header_text_align_tablet=&#8221;center&#8221; header_text_align_phone=&#8221;center&#8221; header_text_align_last_edited=&#8221;on|desktop&#8221; header_text_color_tablet=&#8221;&#8221; header_text_color_phone=&#8221;&#8221; header_text_color_last_edited=&#8221;on|tablet&#8221; header_font_size_tablet=&#8221;34px&#8221; header_font_size_phone=&#8221;26px&#8221; header_font_size_last_edited=&#8221;on|phone&#8221; custom_css_main_element=&#8221;margin:auto;&#8221; global_colors_info=&#8221;{}&#8221;]</p>
<h1>Sobre a LLYC</h1>
<p>[/et_pb_text][et_pb_text admin_label=&#8221;Introducción&#8221; _builder_version=&#8221;4.19.0&#8243; _module_preset=&#8221;default&#8221; text_font=&#8221;Century Gothic||||||||&#8221; text_font_size=&#8221;17px&#8221; text_line_height=&#8221;30px&#8221; ul_font=&#8221;Century Gothic||||||||&#8221; ul_text_align=&#8221;justify&#8221; ul_font_size=&#8221;17px&#8221; header_font=&#8221;fontspring-demo-augermono-black|||on|||||&#8221; header_text_align=&#8221;center&#8221; header_text_color=&#8221;#000000&#8243; header_line_height=&#8221;30px&#8221; width=&#8221;70%&#8221; module_alignment=&#8221;center&#8221; custom_margin=&#8221;auto||auto||false|false&#8221; custom_padding=&#8221;||||false|false&#8221; text_font_size_tablet=&#8221;15px&#8221; text_font_size_phone=&#8221;15px&#8221; text_font_size_last_edited=&#8221;on|desktop&#8221; ul_font_size_tablet=&#8221;15px&#8221; ul_font_size_phone=&#8221;15px&#8221; ul_font_size_last_edited=&#8221;on|phone&#8221; custom_css_main_element=&#8221;margin:auto;&#8221; global_colors_info=&#8221;{}&#8221;]A LLYC é uma empresa global de consultoria de comunicação, marketing digital e relações públicas que ajuda seus clientes a enfrentar desafios estratégicos com soluções e recomendações baseadas em criatividade, tecnologia e experiência, buscando reduzir riscos, aproveitar oportunidades e cuidar do impacto à reputação.</p>
<p>No atual contexto confuso e incerto, a LLYC ajuda seus clientes a alcançar suas metas de negócios no curto prazo e traçar uma rota, com visão de médio e longo prazo, para defender sua licença social de modo a operar e aumentar seu prestígio. Oferecemos consultoria em comunicação corporativa, marketing, assuntos públicos e deep digital business, abrangendo 18 especialidades interligadas, para responder aos desafios de nossos clientes. </p>
<p>A LLYC (BME:LLYC) está cotada na bolsa de valores alternativa espanhola, a BME Growth. Atualmente, a empresa tem 20 escritórios na Argentina, Brasil (São Paulo e Rio de Janeiro), Colômbia, Chile, Equador, Espanha (Madri e Barcelona), Estados Unidos (Miami, Nova York e Washington, DC), México, Panamá, Peru, Portugal e República Dominicana. A empresa também presta seus serviços por meio de companhias afiliadas nos demais mercados da América Latina. </p>
<p>Somos mais de 1.100 profissionais, com perfis de comunicação multidisciplinares e mais de 65 engenheiros. Com experiência, criatividade, inovação e tecnologia, ajudamos empresas e instituições a solucionar com sucesso seus desafios de comunicação, marketing e influência institucional. </p>
<p>As duas publicações líderes do setor classificam a LLYC entre as mais importantes empresas de comunicação do mundo. A empresa é a número 36 em receita em todo o mundo, de acordo com o Relatório de Negócios de Agências Globais da PRWeek 2022 e está classificada em 42° no Ranking Global de 2022 da PRovoke. A LLYC foi eleita a Melhor Consultoria de Comunicação na Europa 2022 no PRWeek Global Awards e a Consultora de Comunicação do Ano na América Latina no International Business Awards 2021. </p>
<p>Nosso histórico e a qualidade do trabalho que fazemos para nossos clientes são endossados por mais de 500 prêmios e reconhecimentos internacionais e nacionais em disputas como: Cannes Lions, Premios Eficacia, Brand Film Festival, SABRE Awards, International Business Awards, IPRA Golden Awards ou Effie Awards, entre outros.[/et_pb_text][/et_pb_column][/et_pb_row][/et_pb_section][et_pb_section fb_built=&#8221;1&#8243; admin_label=&#8221;Sección &#8211; Sobre más democracia&#8221; _builder_version=&#8221;4.19.0&#8243; _module_preset=&#8221;default&#8221; background_color=&#8221;RGBA(255,255,255,0)&#8221; background_enable_image=&#8221;off&#8221; background_position=&#8221;bottom_center&#8221; locked=&#8221;off&#8221; collapsed=&#8221;off&#8221; global_colors_info=&#8221;{}&#8221;][et_pb_row disabled_on=&#8221;off|off|off&#8221; _builder_version=&#8221;4.19.0&#8243; _module_preset=&#8221;default&#8221; background_color=&#8221;RGBA(255,255,255,0)&#8221; width_tablet=&#8221;80%&#8221; width_phone=&#8221;80%&#8221; width_last_edited=&#8221;on|tablet&#8221; module_alignment=&#8221;center&#8221; custom_padding=&#8221;0px|0px|0px|0px|false|false&#8221; custom_css_main_element=&#8221;align-items:center;&#8221; locked=&#8221;off&#8221; global_colors_info=&#8221;{}&#8221;][et_pb_column type=&#8221;4_4&#8243; _builder_version=&#8221;4.19.0&#8243; _module_preset=&#8221;default&#8221; global_colors_info=&#8221;{}&#8221;][et_pb_text admin_label=&#8221;Título&#8221; _builder_version=&#8221;4.19.0&#8243; _module_preset=&#8221;default&#8221; text_font=&#8221;fontspring-demo-augermono-medium|800||on|||||&#8221; text_font_size=&#8221;30px&#8221; text_line_height=&#8221;30px&#8221; header_font=&#8221;fontspring-demo-augermono-black|||on|||||&#8221; header_text_align=&#8221;left&#8221; header_font_size=&#8221;65px&#8221; header_2_font=&#8221;augermono-black|||on|||||&#8221; header_2_font_size=&#8221;38px&#8221; text_orientation=&#8221;center&#8221; width=&#8221;100%&#8221; custom_margin=&#8221;|0px|60px|0px|false|false&#8221; header_font_size_tablet=&#8221;58px&#8221; header_font_size_phone=&#8221;45px&#8221; header_font_size_last_edited=&#8221;on|desktop&#8221; header_2_font_size_tablet=&#8221;34px&#8221; header_2_font_size_phone=&#8221;26px&#8221; header_2_font_size_last_edited=&#8221;on|phone&#8221; custom_css_main_element=&#8221;h2{||  width:70%;||}&#8221; global_colors_info=&#8221;{}&#8221;]</p>
<h2>SOBRE A MÁS DEMOCRACIA</h2>
<p>[/et_pb_text][et_pb_text admin_label=&#8221;Introducción&#8221; _builder_version=&#8221;4.19.0&#8243; _module_preset=&#8221;default&#8221; text_font=&#8221;Century Gothic||||||||&#8221; text_font_size=&#8221;17px&#8221; text_line_height=&#8221;30px&#8221; ul_font=&#8221;Century Gothic||||||||&#8221; ul_text_align=&#8221;left&#8221; ul_font_size=&#8221;17px&#8221; header_font=&#8221;fontspring-demo-augermono-black|||on|||||&#8221; header_text_align=&#8221;center&#8221; header_text_color=&#8221;#000000&#8243; header_line_height=&#8221;30px&#8221; width=&#8221;70%&#8221; module_alignment=&#8221;center&#8221; custom_margin=&#8221;||60px||false|false&#8221; custom_padding=&#8221;||||false|false&#8221; text_font_size_tablet=&#8221;15px&#8221; text_font_size_phone=&#8221;15px&#8221; text_font_size_last_edited=&#8221;on|phone&#8221; ul_font_size_tablet=&#8221;15px&#8221; ul_font_size_phone=&#8221;15px&#8221; ul_font_size_last_edited=&#8221;on|phone&#8221; custom_css_main_element=&#8221;margin:auto;&#8221; global_colors_info=&#8221;{}&#8221;]A +Democracia é uma organização política cidadã, que pretende influenciar instituições, partidos, meios de comunicação e opinião pública trabalhando em rede com outras organizações nacionais e internacionais de pluralidade ideológica e diversidade intergeracional, mobilizando cidadãos e propondo mudanças em nossas normas e em nosso comportamento e nossa cultura, para melhorar a qualidade da democracia e aumentar a participação política cidadã.</p>
<p>Entre as suas principais iniciativas, a +Democracia promoveu e continua promovendo melhorias no funcionamento democrático dos partidos políticos, especificamente nos sistemas de seleção de cargos públicos e na defesa dos direitos dos filiados; no funcionamento do sistema eleitoral, para conseguir maior proporcionalidade e proximidade entre o eleitorado e os representantes eleitos; no funcionamento do Parlamento, por meio de maior informação e participação cidadã nas iniciativas legislativas e garantindo maior autonomia dos parlamentares em relação aos seus grupos; e no aumento dos níveis de transparência e responsabilização das instituições, promovendo medidas de regeneração democrática e de combate à corrupção. Também colaborou com a Editorial Gedisa na elaboração de uma coleção de livros onde cada um se aprofunda em um tema atual: corrupção, participação cidadã e movimentos sociais, sistema eleitoral, financiamento partidário, entre outros.</p>
<p>Cada uma das iniciativas da +Democracia está baseada nos seus valores fundadores: compromisso, participação, transparência, diálogo, colaboração e inovação.[/et_pb_text][et_pb_image src=&#8221;https://thehiddendrug.llorenteycuenca.com/wp-content/uploads/2022/11/Frame-1.png&#8221; title_text=&#8221;Frame&#8221; force_fullwidth=&#8221;on&#8221; _builder_version=&#8221;4.19.0&#8243; _module_preset=&#8221;default&#8221; custom_margin=&#8221;20px||20px||false|false&#8221; global_colors_info=&#8221;{}&#8221;][/et_pb_image][/et_pb_column][/et_pb_row][/et_pb_section]</p>

<p>O estudo tira suas conclusões da análise do debate social na Ibero-América e nos EUA, nos territórios com maior grau de polarização.</p>
